 1, -328 = -2*f - 5*x. What are the prime factors of f?
3, 53
Let q be 4 + (-2 + 2 - -3). Let c be (-1)/q + ((-16)/(-14) - 1). Suppose c = -2*i - i + 231. List the prime factors of i.
7, 11
Suppose -a - 4*a = 2*p + 9, 5*a - 7 = -4*p. Let t = -2127 - -2187. Suppose t = p*w - 180. List the prime factors of w.
2, 3, 5
Let t = 0 + -10. Let f(d) = -d**2 - 6*d + 22. Let l be f(t). List the prime factors of (-2552)/(-18) + (-4)/l.
2, 71
Suppose 3*m - 51 = 6*m. Let o(x) = -40*x**3 + 34*x + 10*x**3 - 15*x**2 + 23*x**3 + 6*x**3 + 6. List the prime factors of o(m).
2, 3
Let j(w) = w**3 + 6*w**2 - 8*w - 4. Let a be j(-7). Suppose 0*q - a*q + 35 = 5*o, -o - 5*q + 29 = 0. Suppose -o*k = -32 - 36. List the prime factors of k.
17
Suppose -4*h = h - 30. Suppose -968 = -h*s - 2*s. Suppose -2*u = -73 - s. What are the prime factors of u?
97
Suppose 649*g = 115*g + 8*g + 1374964. List the prime factors of g.
2, 1307
Suppose 3*g + 30 = -3*y - 0*y, -3*g = 4*y + 34. Let z(t) = 27*t**2 + 2*t - 10. List the prime factors of z(g).
2, 5, 19
Let k(i) = 2*i**3 + 26*i**2 + 16*i + 12. Let j(b) = -8*b - 218. Let m be j(-26). What are the prime factors of k(m)?
2, 113
Let q = 7385 + 16978. What are the prime factors of q?
3, 2707
Suppose 0 = i - x - 34455, 3*i - 12078 = x + 91299. List the prime factors of i.
3, 7, 547
What are the prime factors of (-1)/(-2) + 0 + 1 + (-112442)/(-44)?
2557
Let p be (68/(-170))/((-4)/11870). Let i = p + -570. What are the prime factors of i?
617
Suppose 23*l - 36199 = 1268 + 59363. What are the prime factors of l?
2, 5, 421
Suppose -16*g - 30*g + 519275 = -21*g. List the prime factors of g.
20771
What are the prime factors of 11*(619502/182 + (15/7 - 1))?
3, 5, 11, 227
Suppose 2*t + 5*i + 7 = 0, 3*t + 0*i - 9 = -i. Suppose 3*x = 4*x + 1, -t*u + 21 = 3*x. List the prime factors of (2 + 0 - u) + (209 - 0).
5, 41
Let c(p) = 6*p**2 + 27*p + 12. Let g be c(-4). Suppose g = 5*j + 4*x - 1304, x = -6*j + 8*j - 519. What are the prime factors of j?
2, 5, 13
Let i be (3 + 48/(-18))/((-2)/12). What are the prime factors of (-1 + i/10)/((-1)/5)?
2, 3
Suppose -42*w + 97721 = 3*w - 137809. What are the prime factors of w?
2, 2617
Let l(m) = -m**3 - 11*m**2 - 9*m - 12. Let y be l(-11). Let f = y + 82. What are the prime factors of f?
13
What are the prime factors of 366961/98 - (-12)/(-8)?
19, 197
Let r(w) be the second derivative of w**3/2 + 14*w**2 - 4*w. Let p be r(-13). Let o(i) = -i + 22. What are the prime factors of o(p)?
3, 11
Suppose 4*k - 19699 = -3*z + 6141, -4*z = -5*k + 32269. List the prime factors of k.
11, 587
Suppose w + 3*j - 12 - 4 = 0, 4*w + 4 = 5*j. Suppose h = 2*h + 3, -h = -w*i + 1531. List the prime factors of i.
2, 191
What are the prime factors of 14/245 - (-9 - (-11097090)/(-175))?
63421
Let n = 1089 + 6226. What are the prime factors of n?
5, 7, 11, 19
Suppose 7468 = 21*h - 27371. Let p = -891 + h. What are the prime factors of p?
2, 3
Suppose -336*j - 3645 = -337*j. Suppose -5*c + j = 10*c. List the prime factors of c.
3
Let v = 112 + -112. List the prime factors of 47 + -48 - (v + (-539)/1).
2, 269
Suppose 0 = 2*z - b - 75052, 150108 = 4*z - 84*b + 80*b. What are the prime factors of z?
5, 19, 79
Let n = 21819 + 8660. Suppose 0 = 29*c - n - 24824. What are the prime factors of c?
1907
Let p be (-7 + 2912)/7 - -5. Let t = p - 176. What are the prime factors of t?
2, 61
Let o(a) = a**2 + 3*a + 3. Suppose -l + 6*l - 16 = -k, 4*l = -4*k. Let r be o(k). What are the prime factors of r/(-7) - (3*-19 - 2)?
2, 29
Suppose -3*s + 34020 = 3*p, -128*s = -3*p - 125*s + 33996. List the prime factors of p.
2, 13, 109
Suppose 0 = 3*v + 5*k - 70311, 5*v - 3*k = 104440 + 12813. List the prime factors of v.
23447
Suppose 5*i = -3*h - 19, 5*h - i - 5 = -2*i. Suppose -2*n - h*n + 24 = 0. Suppose -n*b = 367 - 1033. List the prime factors of b.
3, 37
Suppose 9243 = 4*b + 2*a - 11857, -b - 3*a = -5260. What are the prime factors of b?
2, 7, 13, 29
Suppose -p = -0*p + 5*k - 20, -5*p = 5*k - 60. Let x(f) = 9*f + f**3 - 5 - 10 + 2 - 10*f**2. List the prime factors of x(p).
7, 11
Let z(m) = -m - 8 - m**2 + 23*m + 0*m + 4*m. Let v be z(-14). Let o = v + 871. List the prime factors of o.
3, 101
Suppose -2*m - 296 = 2*t, m - 3*t + 195 = 27. Let l = m + 229. Suppose -l*c + 78*c - 580 = 0. What are the prime factors of c?
2, 5, 29
List the prime factors of 13491 - (-9 - 6 - -36).
2, 3, 5, 449
What are the prime factors of (-242)/33 + 7 - 29804/(-6)?
4967
Let p = -105 + 112. Suppose 2113 = p*x - 925. List the prime factors of x.
2, 7, 31
Let p(k) = -3*k - 30. Suppose 15 = -7*j - 55. Let d be p(j). Suppose d = 3*z + z + 5*w - 23, -18 = -3*z - 4*w. What are the prime factors of z?
2
Suppose 73*w - 30963 = 276732. List the prime factors of w.
3, 5, 281
Let a = -56392 + 119296. What are the prime factors of a?
2, 3, 2621
Let i be 5*2/(-4)*(-156)/65. Suppose 4*t + 4*k = 1248, -k = -t + i*t - 1572. List the prime factors of t.
3, 5, 7
Let d = -5894 - -9285. Let c = -1414 + d. List the prime factors of c.
3, 659
What are the prime factors of 2676/((-30)/(-15)) + 4?
2, 11, 61
Let a = 217 + -438. Suppose -q + 1433 - 335 = 3*f, 0 = -f - 5*q + 366. Let n = f + a. What are the prime factors of n?
5, 29
Let h = 1657 + 2350. Suppose 545 - h = -6*f. Suppose 0 = 6*q - 77 - f. List the prime factors of q.
109
Suppose 4 = -g - 2. Suppose 2*u - 4 = 2*t + 26, -t - 11 = 3*u. What are the prime factors of (-7836)/(-42) + g/t?
11, 17
Suppose -131*u + 108*u + 256878 = 44*u. List the prime factors of u.
2, 3, 71
Let i(x) = 41*x**2 + 63*x - 246. What are the prime factors of i(21)?
2, 3, 31, 103
Suppose -6160 = -9*b - 679. Suppose 677 = w + 3*t, -t = -w + b + 48. List the prime factors of w.
2, 331
Suppose -2*y - 5*c - 17 = 0, 4*y - 35 = 4*c + 1. Suppose 3700 = 3*m - y*u, m + 8*u - 1246 = 3*u. Suppose -10*o + m = -514. What are the prime factors of o?
5, 7
Let s be (-2 - (-10)/3)*6/4. Let b be 0*(3 - s)/((-8)/4). Suppose 69 + b = x. List the prime factors of x.
3, 23
Let j = -9 - -4. Let x be 70/18 - j/45. Suppose -m + 248 = 2*c, 0*m - 496 = -x*c + m. List the prime factors of c.
2, 31
Suppose 0 = -k + 961 + 2143. Suppose 0 = 3*o + 3*l - 2325, 3*o = -o - 5*l + k. List the prime factors of o.
3, 257
Let g be 42/14 + 2 + -1193*1. Let m = g + 1971. List the prime factors of m.
3, 29
Let l = 7765 + -4352. List the prime factors of l.
3413
Let d be 690/9 + 5/(-3). Let a = 137 + d. List the prime factors of a.
2, 53
Let r(u) = 12*u + 4. Let n be r(-6). Let g = 791 - 950. Let x = n - g. List the prime factors of x.
7, 13
Let k be 6*(-7)/(-14) - (2 - 1). Suppose -k*i + 2*f + 1994 = -10, -3*i = 5*f - 3022. List the prime factors of i.
2, 251
List the prime factors of (1048/6)/(3/18).
2, 131
Let z be ((-8)/10)/(5*(-14)/175). Suppose z*f - 402 = 4*b, -4*f + 860 = 4*b + 56. Let q = -115 + f. What are the prime factors of q?
2, 43
Let n = 33504 + -17801. List the prime factors of n.
41, 383
Let b = 25571 + 40831. What are the prime factors of b?
2, 3, 7, 17, 31
Suppose 0*i - 5*g - 186023 = -4*i, -5*g + 93079 = 2*i. What are the prime factors of i?
181, 257
Suppose 2*b - 12*b + 4240 = 0. Suppose 242*f = 244*f - b. What are the prime factors of f?
2, 53
Let d(v) = 17*v**2 - 83*v - 8. Let b be d(5). List the prime factors of (-90790)/(-56) - (b - 44/16).
2, 811
Let s = -12811 + 20842. What are the prime factors of s?
3, 2677
Suppose -592 = -9185*d + 9148*d. Suppose -3*q + 640 = -2*q - 2*f, 0 = 4*q - f - 2525. Suppose 2122 = d*o - q. List the prime factors of o.
2, 43
Let g(d) = d**3 - 12*d**2 + 11*d - 37. Let n be g(13). Suppose -7*b + n + 264 = 0. What are the prime factors of b?
7, 11
Let f(p) = 51*p + 4. Let b(a) = 50*a + 4. Let l(i) = 7*b(i) - 6*f(i). What are the prime factors of l(14)?
2, 5, 31
Let v(b) = 38 + 24 - 5*b - 32. Let t be v(6). Suppose t = -i - 4*i + 215. List the prime factors of i.
43
Let x = 842 + -1713. Let v = -501 - x. What are the prime factors of v?
2, 5, 37
Suppose 53*v + 3*d = 49*v + 160411, -4*v = -2*d - 160386. List the prime factors of v.
40099
Let s = -187 + 191. Suppose -3*z + 180 = -2*h, -5*z = -3*z + s*h - 120. List the prime factors of z.
2, 3, 5
Let g(h) = h**2 + 6*h - 25. Let a be g(4). Suppose -9*d = -a*d + 2052. List the prime factors of d.
2, 3, 19
Let l(v) 